) to base 13
-22913
-3482 (base 9) to base 11
-1a40
What is 4e6f (base 16) in base 4?
10321233
What is 5d67 (base 15) in base 4?
10312321
What is 98b3 (base 12) in base 11?
11719
What is 110010100 (base 2) in base 4?
12110
Convert -662 (base 11) to base 6.
-3402
What is -338 (base 10) in base 5?
-2323
Convert 2284 (base 10) to base 13.
1069
440 (base 6) to base 10
168
-306 (base 8) to base 2
-11000110
-12022001 (base 3) to base 16
-f16
What is -4c7 (base 16) in base 15?
-568
Convert 382 (base 10) to base 2.
101111110
Convert -121 (base 13) to base 8.
-304
d27b (base 15) to base 2
1010110110011001
What is bc6 (base 16) in base 15?
d5e
-5c4 (base 16) to base 5
-21401
20303 (base 6) to base 12
1693
What is 132413 (base 5) in base 11?
4031
What is 35375 (base 9) in base 7?
125630
Convert -5456 (base 13) to base 5.
-333412
Convert -14a57 (base 14) to base 16.
-c8e5
What is -5aa (base 12) in base 5?
-11400
Convert -11021210 (base 3) to base 14.
-11d4
-242114 (base 5) to base 8
-21512
Convert -114144 (base 5) to base 7.
-15351
What is -1300132 (base 5) in base 2?
-110000111010010
Convert -81d6 (base 16) to base 9.
-50531
What is -21204 (base 5) in base 3?
-1221221
Convert 100011000000 (base 2) to base 7.
6350
Convert 4212 (base 12) to base 7.
30014
-4240 (base 6) to base 7
-2541
-3977 (base 15) to base 14
-467c
-bd1d (base 15) to base 5
-2240303
1012021101 (base 3) to base 6
300531
What is -4a48 (base 13) in base 5?
-314123
44434 (base 6) to base 8
14106
-11413 (base 5) to base 12
-5b6
Convert 11001010111 (base 2) to base 3.
2020010
Convert 111001010011 (base 2) to base 11.
2834
Convert 895 (base 12) to base 16.
4f1
Convert -2111401 (base 5) to base 12.
-18476
What is 1314 (base 6) in base 11?
284
3432 (base 8) to base 3
2111100
Convert 2612 (base 10) to base 3.
10120202
What is 1b09b (base 12) in base 2?
1001101110110111
Convert b629 (base 16) to base 5.
2443013
1428 (base 14) to base 3
11220000
2264 (base 10) to base 14
b7a
-ddbd (base 14) to base 6
-453415
10d (base 15) to base 10
238
Convert -124431 (base 5) to base 13.
-236c
Convert 1112302 (base 4) to base 7.
22123
-22677 (base 12) to base 16
-b33b
Convert -26a (base 13) to base 2.
-110101010
Convert -1101100000110100 (base 2) to base 7.
-320236
-2645 (base 12) to base 4
-1010111
What is 273 (base 12) in base 5?
3000
What is 2844 (base 11) in base 3?
12001020
What is 162 (base 16) in base 13?
213
Convert 130440 (base 5) to base 16.
1400
44024 (base 6) to base 15
1be4
What is 743 (base 12) in base 3?
1110020
466 (base 11) to base 16
22c
Convert -14ac (base 13) to base 9.
-4120
Convert -3212200 (base 4) to base 6.
-152144
Convert 1000001101100 (base 2) to base 7.
15154
Convert -9513 (base 10) to base 8.
-22451
Convert 2433 (base 6) to base 16.
255
-24500 (base 6) to base 8
-7064
202121022 (base 3) to base 4
3222230
What is 4701 (base 14) in base 10?
12349
Convert 4972 (base 12) to base 7.
33116
What is -112010 (base 3) in base 7?
-1053
Convert 374 (base 9) to base 6.
1234
-11001110100 (base 2) to base 7
-4550
-4556 (base 12) to base 2
-1111000010010
Convert 12a (base 13) to base 10.
205
What is 11000100011111 (base 2) in base 13?
5954
What is -13241 (base 6) in base 8?
-3771
What is -4230024 (base 5) in base 6?
-1303011
What is 1a3 (base 13) in base 6?
1222
Convert 11010003 (base 4) to base 13.
9594
Convert 12340 (base 10) to base 5.
343330
What is 1188 (base 12) in base 5?
30401
Convert 99e1 (base 15) to base 13.
11ac7
-12113 (base 4) to base 10
-407
Convert 1414 (base 9) to base 10.
1066
Convert -10070 (base 9) to base 5.
-202444
What is -4a29 (base 16) in base 5?
-1101420
Convert -1234 (base 16) to base 13.
-2176
Convert 2240 (base 13) to base 6.
34052
Convert 101432 (base 5) to base 16.
d27
What is 11010100111 (base 2) in base 3?
2100002
Convert -113311 (base 6) to base 13.
-4627
What is 2000 (base 7) in base 5?
10221
16c3 (base 13) to base 14
132a
Convert 391 (base 14) to base 9.
874
Convert 16387 (base 11) to base 5.
1214320
Convert 1c94 (base 13) to base 5.
114341
Convert 2601 (base 7) to base 12.
699
Convert 3035 (base 7) to base 11.
87a
Convert -42544 (base 6) to base 15.
-1ad4
Convert -4021 (base 9) to base 4.
-231313
21210 (base 4) to base 16
264
What is -38ee (base 15) in base 13?
-56b7
Convert 945 (base 12) to base 2.
10101000101
19618 (base 13) to base 5
3034434
a67 (base 12) to base 14
7a7
-2a8 (base 14) to base 12
-390
Convert 1000022 (base 3) to base 15.
342
445225 (base 6) to base 2
1001001001010001
Convert -22141 (base 5) to base 3.
-2010021
Convert bcb (base 13) to base 8.
3752
Convert 1b5b (base 12) to base 5.
102013
Convert -1872 (base 14) to base 2.
-1000100111100
-228a (base 11) to base 15
-d52
Convert -975 (base 10) to base 13.
-5a0
What is -30000 (base 4) in base 6?
-3320
What is -23003211 (base 4) in base 10?
-45285
What is -15133 (base 6) in base 4?
-212001
What is -140006 (base 7) in base 4?
-12130301
2331111 (base 4) to base 5
341432
e53c (base 16) to base 5
3334214
Convert -3522 (base 13) to base 10.
-7464
What is 788 (base 10) in base 11?
657
Convert -18b (base 15) to base 3.
-111012
34a1 (base 12) to base 5
142011
51767 (base 8) to base 14
7b95
What is -2300 (base 7) in base 14?
-437
-434 (base 10) to base 8
-662
Convert 212410 (base 8) to base 7.
413523
Convert 4147 (base 9) to base 7.
11602
2100112121 (base 3) to base 14
12c49
-11221 (base 5) to base 13
-4a5
What is 3e7 (base 15) in base 9?
1201
Convert 201 (base 4) to base 16.
21
Convert -369 (base 11) to base 15.
-1e3
What is 12221222 (base 3) in base 2?
1000011111010
Convert -34012 (base 5) to base 14.
-c22
5040 (base 6) to base 12
780
1312123 (base 4) to base 10
7579
What is -518 (base 9) in base 13?
-266
What is -126a0 (base 11) in base 8?
-43333
Convert -3b6 (base 12) to base 10.
-570
What is -7a8 (base 14) in base 15?
-6b5
Convert 525 (base 6) to base 15.
d2
What is -2249 (base 12) in base 11?
-2946
What is 451312 (base 6) in base 15?
b37b
What is 30c (base 15) in base 9?
843
Convert -20066 (base 7) to base 14.
-1aa6
23140 (base 7) to base 9
8084
12b (base 13) to base 14
10a
What is -12c (base 14) in base 2?
-11101100
1111010110 (base 2) to base 6
4314
What is -4352 (base 6) in base 12?
-6b8
What is -11c9a (base 15) in base 7?
-324505
What is -45522 (base 9) in base 3?
-1112120202
-10431 (base 7) to base 13
-1266
Convert 10011111010010 (base 2) to base 14.
3a02
What is 32300 (base 4) in base 12?
668
20202020 (base 3) to base 12
2a20
What is 10454 (base 16) in base 5?
4113034
Convert 10333 (base 6) to base 15.
650
Convert b70e (base 16) to base 12.
23152
Convert -e9 (base 15) to base 2.
-11011011
Convert -2300422 (base 5) to base 13.
-15708
Convert -99 (base 16) to base 9.
-180
Convert -4c66 (base 15) to base 10.
-16296
-1001110011011 (base 2) to base 11
-3853
Convert 1011011 (base 3) to base 4.
31021
1775 (base 15) to base 6
35232
30313 (base 6) to base 3
12111100
What is -21342 (base 6) in base 16?
-b7e
141 (base 6) to base 15
41
Convert -100020 (base 3) to base 5.
-1444
Convert -7d (base 16) to base 12.
-a5
-162a0 (base 11) to base 2
-101100111000011
3806 (base 9) to base 4
230121
Convert -a83c (base 15) to base 12.
-18733
Convert d37 (base 14) to base 8.
5045
1100001011111 (base 2) to base 7
24122
What is 1835 (base 9) in base 16?
581
What is 232 (base 11) in base 12?
1b1
Convert -2410 (base 16) to base 8.
-22020
33568 (base 9) to base 2
101011101000001
-12009 (base 12) to base 4
-11322021
Convert 1308 (base 13) to base 10.
2712
What is -24139 (base 10) in base 15?
-7244
-20131 (base 4) to base 13
-328
What is 3c9 (base 15) in base 8?
1540
Convert -3b9 (base 12) to base 13.
-351
Convert -11022 (base 4) to base 3.
-110020
-254022 (base 6) to base 15
-6bc5
What is -12045 (base 6) in base 2?
-11011011101
Convert 84a (base 14) to base 3.
2020112
What is -140530 (base 8) in base 6?
-1021052
Convert 3333 (base 7) to base 16.
4b0
Convert -1012110 (base 3) to base 4.
-31230
What is 58380 (base 9) in base 16?
9828
-1b53 (base 14) to base 4
-1031231
What is 12265 (base 7) in base 16?
ca0
20020201 (base 3) to base 9
6221
Convert 253 (base 7) to base 8.
210
What is 2132 (base 11) in base 6?
21014
Convert -16431 (base 7) to base 12.
-2859
What is 491 (base 11) in base 5?
4314
What is 201 (base 16) in base 6?
2